{"id":54,"date":"2022-02-05T14:49:19","date_gmt":"2022-02-05T14:49:19","guid":{"rendered":"https:\/\/gulbolulu.com\/?page_id=54"},"modified":"2022-02-05T14:49:20","modified_gmt":"2022-02-05T14:49:20","slug":"hakkinda","status":"publish","type":"page","link":"https:\/\/gulbolulu.com\/?page_id=54","title":{"rendered":"Hakk\u0131nda"},"content":{"rendered":"\n<figure class=\"wp-block-image size-large\"><img loading=\"lazy\" decoding=\"async\" width=\"1024\" height=\"821\" src=\"http:\/\/gulbolulu.com\/wp-content\/uploads\/2022\/02\/BRK_7221-1024x821.jpg\" alt=\"\" class=\"wp-image-61\" srcset=\"https:\/\/gulbolulu.com\/wp-content\/uploads\/2022\/02\/BRK_7221-1024x821.jpg 1024w, https:\/\/gulbolulu.com\/wp-content\/uploads\/2022\/02\/BRK_7221-300x240.jpg 300w, https:\/\/gulbolulu.com\/wp-content\/uploads\/2022\/02\/BRK_7221-768x616.jpg 768w, https:\/\/gulbolulu.com\/wp-content\/uploads\/2022\/02\/BRK_7221-1536x1231.jpg 1536w, https:\/\/gulbolulu.com\/wp-content\/uploads\/2022\/02\/BRK_7221-2048x1642.jpg 2048w, https:\/\/gulbolulu.com\/wp-content\/uploads\/2022\/02\/BRK_7221-1240x994.jpg 1240w, https:\/\/gulbolulu.com\/wp-content\/uploads\/2022\/02\/BRK_7221-508x407.jpg 508w\" sizes=\"auto, (max-width: 1024px) 100vw, 1024px\" \/><\/figure>\n\n\n\n<p>G\u00fcl Bolulu, geleneksel tekstil \u00fcretim bi\u00e7imlerini, tekstil malzemelerini, tekstilin anlat\u0131m dilini ki\u015fisel yakla\u015f\u0131m\u0131 ile \u00f6z\u00fcmseyip, yapm\u0131\u015f oldu\u011fu \u00e7al\u0131\u015fmalarda \u201cdoku\u201d \u00f6\u011fesini \u00f6ne \u00e7\u0131karak do\u011fan\u0131n kendi i\u00e7indeki uyumu ile sadeli\u011fini, dengesini ve renklerini \u00e7al\u0131\u015fmalar\u0131na do\u011fal malzemeler kullanarak aktarm\u0131\u015ft\u0131r. \u00c7al\u0131\u015fmalar\u0131nda yerel anlay\u0131\u015f\u0131 evrensel bir olguya g\u00f6t\u00fcrme \u00e7abas\u0131 i\u00e7inde, geleneksel dokuma tekni\u011finden yola \u00e7\u0131kan sanat\u00e7\u0131, \u00e7a\u011fda\u015f yorumlamalar yapmaktad\u0131r. Sorgulayan ve arkas\u0131nda s\u00f6yleyece\u011fi bir s\u00f6z\u00fc olan \u00e7al\u0131\u015fmalar\u0131nda malzeme, y\u00f6ntem, kavram gibi anlat\u0131mlarla farkl\u0131 formlarda \u00f6zg\u00fcn eserler ortaya koymaktad\u0131r.<\/p>\n\n\n\n<h1 class=\"wp-block-heading\" id=\"gul-bolulu\"><strong>G\u00dcL BOLULU<\/strong><\/h1>\n\n\n\n<p>Adres Maden Mahallesi Mahmut Nedim Doral Sk. No:18 \/ B\u00fcy\u00fckada &#8211; \u0130stanbul\u00a0<br>E-mail: <a href=\"mailto:gbolulu@gmail.com\">gbolulu@gmail.com<br><\/a>Web: <a href=\"http:\/\/www.gulbolulu.com\" data-type=\"URL\" data-id=\"www.gulbolulu.com\">www.gulbolulu.com<\/a><\/p>\n\n\n\n<p><strong>\u00c7al\u0131\u015ft\u0131\u011f\u0131 \u0130\u015fler:<\/strong><\/p>\n\n\n\n<p>1999 Marmara \u00dcniversitesi G\u00fczel Sanatlar Fak\u00fcltesi Tekstil Sanatlar\u0131 B\u00f6l\u00fcm\u00fc&nbsp; \u00d6\u011fretim g\u00f6revlisi (Bilgisayarda Tasar\u0131m)<br>1998-1999 Graphic&nbsp; Color firmas\u0131nda, CAD\/CAM E\u011fitim ve Teknik Sorumlusu<br>1995-1998 Serbest Tasar\u0131m (Foto\u011fraf, etiket, dokuma)<br>1992-1995 Tele-\u00c7izgi Animasyon Firmas\u0131, Renk \u015eefi<br>1990-1992 Etiket Computer\/ etiket tasar\u0131m\u0131 (M\u00fcller program\u0131nda tasar\u0131m)<br>1988-1990 \u0130pek Nak\u0131\u015f A.\u015e nak\u0131\u015f tasar\u0131m\u0131 (Bilgisayarda nak\u0131\u015f)<\/p>\n\n\n\n<p><strong>E\u011fitim<\/strong><\/p>\n\n\n\n<p>1998 Marmara \u00dcniversitesi G\u00fczel Sanatlar Enstit\u00fcs\u00fc Tekstil Sanatlar\u0131 B\u00f6l\u00fcm\u00fcnde Y\u00fcksek Lisans<\/p>\n\n\n\n<p>1983-1988&nbsp; &nbsp; Marmara \u00dcniversitesi G\u00fczel Sanatlar Fak\u00fcltesi Tekstil Sanatlar\u0131 B\u00f6l\u00fcm\u00fcnde Lisans<br>1979-1983 Beyo\u011flu K\u0131z Teknik Olgunla\u015fma Enstit\u00fcs\u00fc &#8211; T\u00fcrk Motifleri B\u00f6l\u00fcm\u00fc<br>1975-1979 Aryamerh Lisesi&nbsp;<\/p>\n\n\n\n<p><strong>Karma Sergiler:<\/strong><\/p>\n\n\n\n<p>2020 \u201cMeydan Sergisi\u201d \/ B\u00fcy\u00fckada \/ \u0130STANBUL&nbsp;&nbsp;&nbsp;&nbsp;&nbsp;&nbsp;<\/p>\n\n\n\n<p>2017 \u201cPasla\u015fmalar sergisi\u201d Okan \u00dcniversitesi \/ B\u00fcy\u00fckada Anadolu Kul\u00fcb\u00fc \/ \u0130STANBUL&nbsp;&nbsp;<\/p>\n\n\n\n<p>2017 \u201cY\u00fczler Suretler Lif Sanat\u0131 Sergisi\u201d \/ Anadolu \u00dcniversitesi &#8211; ESK\u0130\u015eEH\u0130R<\/p>\n\n\n\n<p>2016 \u201cDo\u011fadan Dokuya\u201d \/ Ticaret \u00dcniversitesi &#8211; BOLU<\/p>\n\n\n\n<p>2016 \u201cA\u00e7\u0131k at\u00f6lye G\u00fcnleri\u201d &#8211; \u0130STANBUL<\/p>\n\n\n\n<p>2016 \u201cYeni Bir Dil ,Yeni bir Nefes\u201d \/ Antik Otel \u2013 \u0130STANBUL<\/p>\n\n\n\n<p>2016 \u201cBEZCE\u201d \/ Cumhuriyet M\u00fczesi &#8211; \u0130STANBUL<\/p>\n\n\n\n<p>2016 \u201c\u0130LMEK 1\u201d \/ Antik Otel &#8211; \u0130STANBUL<\/p>\n\n\n\n<p>2015 \u201cMarmara \u00dcniversitesi Sempozyumu Sergisi\u201d \/ Cumhuriyet M\u00fczesi &#8211; \u0130STANBUL<\/p>\n\n\n\n<p>2015 \u201c\u00c7emberimde G\u00fcl Oya\u201d \/ Biga Festivali &#8211; B\u0130GA<\/p>\n\n\n\n<p>2015 \u201cCam Tavan\u0131 Delen Kad\u0131nlar\u201c \/ Beylerbeyi Saray\u0131 &#8211; \u0130STANBUL<\/p>\n\n\n\n<p>2014 \u201cDOKUMACA\u201d Anadolu Efsaneleri Grubu &#8211; \u0130STANBUL<\/p>\n\n\n\n<p>2013 \u201cAdalarda bir Gezinti\u201d Mum Batik Sergisi \/ B\u00fcy\u00fckada &#8211; \u0130STANBUL<\/p>\n\n\n\n<p>2013 \u201cYukar\u0131 Deniz\u2019in \u0130ncisi\u201d \/ Erci\u015f &#8211; VAN<\/p>\n\n\n\n<p>2013 \u201cLiflerle Ustalar\u201d \/ Merinos Fabrikas\u0131 Sergi Alan\u0131 &#8211; BURSA<\/p>\n\n\n\n<p>2013 Kad\u0131nlar G\u00fcn\u00fc \u201cKad\u0131n&amp; Bar\u0131\u015f\u201d \/ B\u00fcy\u00fckada Belediye Galerisi &#8211; \u0130STANBUL<\/p>\n\n\n\n<p>2012 \u201cREFLEX\u201d Sergisi &#8211; Ortak Sanat\u00e7\u0131lar \u0130nsiyatifi \/ Nakka\u015f Sanat Galerisi &#8211; \u0130STANBUL<\/p>\n\n\n\n<p>2012 \u0130nci Kefali Festivali Sergisi &#8211; VAN<\/p>\n\n\n\n<p>2012 7-8 Temmuz Sanat\u0131n Eylemi &#8211; T\u00fct\u00fcn Deposu &#8211; \u0130STANBUL<\/p>\n\n\n\n<p>2012 Art Bosphorus Sanat Fuar\u0131 Bah\u00e7e Heykelleri Sergisi &#8211; \u0130STANBUL<\/p>\n\n\n\n<p>2012 Okan \u00dcniversitesi \u00d6\u011fretim G\u00f6revlileri Sergisi &#8211; TRABZON<\/p>\n\n\n\n<p>2012 \u201cA\u015fk\u0131n Damakta Kalan Tad\u0131\u201d \/ \u0130stanbul Concept \u0130STANBUL<\/p>\n\n\n\n<p>2011 Y\u00dcZLE\u015eME \/ Kar\u015f\u0131 Sanat \u00c7al\u0131\u015fmalar\u0131 &#8211; \u0130STANBUL<\/p>\n\n\n\n<p>2011 Antalya Sanat Fuar\u0131 &#8211; ANTALYA<\/p>\n\n\n\n<p>2011 \u201cZAMAN \u0130\u00c7\u0130NDE KADIN\u201d &#8211; MARD\u0130N<\/p>\n\n\n\n<p>2011 PAYLA\u015eMA \/ G.B.S.\u0130 Utopya Sanat&nbsp; Galerisi &#8211; \u0130STANBUL<\/p>\n\n\n\n<p>2010 T\u00dcYAP SANAT FUARI &#8211; Kar\u015f\u0131 Sanat \u00c7al\u0131\u015fmalar\u0131 &#8211; \u0130STANBUL<\/p>\n\n\n\n<p>2010 \u201cZaman \u0130\u00e7inde Gezintiler\u201d \/ Nakka\u015f Sanat Galerisi &#8211; \u0130STANBUL<\/p>\n\n\n\n<p>2010 \u201cBULU\u015eMA\u201d \/ G.B.S.\u0130 \u2013 MARD\u0130N<\/p>\n\n\n\n<p>2010 \u201cKES\u0130\u015eME\u201c \/ G.B.S.\u0130. \u0130stanbul \u00dcniversitesi &#8211; \u0130STANBUL<\/p>\n\n\n\n<p>2010 \u201cENEL A\u015eK\u201d \/ \u0130stanbul Concept &#8211; \u0130STANBUL<\/p>\n\n\n\n<p>2009 MY NAME IS CASPER \/ S\u00fcmerbank Binas\u0131 &#8211; \u0130STANBUL<\/p>\n\n\n\n<p>2009 \u201cSulukuleyi Ald\u0131lar Darbukam\u0131 K\u0131rd\u0131lar\u201d \/ Hafriyat &#8211; \u0130STANBUL<\/p>\n\n\n\n<p>2009 ANNEM VE KIZIM \/ Caddebostan K\u00fclt\u00fcr Merkezi \u2013 \u0130STANBUL<\/p>\n\n\n\n<p>2008 \u201cAKDEN\u0130Z KIYILARI\u201d \/ Akdeniz \u00dcniversitesi &#8211; ANTALYA<\/p>\n\n\n\n<p>2007 SANAT KERVANSARAYDA \/ B\u00fcy\u00fck\u00e7ekmece &#8211; \u0130STANBUL<\/p>\n\n\n\n<p>2007 \u00d6\u011fretim \u00dcyeleri ve \u00d6\u011frencileri Tekstil Sergisi \/ Anadolu \u00dcniversitesi &#8211; ESK\u0130\u015eEH\u0130R<\/p>\n\n\n\n<p>2005 \u201cEK\u0130M GE\u00c7\u0130D\u0130\u201d Karma Sergi \/ GALER\u0130 X &#8211; \u0130STANBUL<\/p>\n\n\n\n<p>2004 \u201cK\u0131rm\u0131z\u0131\u201c \/ Kar\u015f\u0131 Sanat \u2013 \u0130STANBUL&nbsp;<\/p>\n\n\n\n<p>2001 \u00d6\u011fretim G\u00f6revlileri Sergisi \/ Marmara \u00dcniversitesi \/ &nbsp; \u2013 \u0130STANBUL<\/p>\n\n\n\n<p>2001 \u201cT\u00fcrkan \u015eoray\u201d Kar\u015f\u0131t Sanat Galerisi \u2013 \u0130STANBUL&nbsp;&nbsp;&nbsp;&nbsp;&nbsp;&nbsp;&nbsp;&nbsp;&nbsp;&nbsp;&nbsp;&nbsp;&nbsp;&nbsp;&nbsp;&nbsp;&nbsp;&nbsp;&nbsp;&nbsp;&nbsp;&nbsp;&nbsp;<\/p>\n\n\n\n<p>1990 Y\u0131ld\u0131z Palas Antika Fuar\u0131 \u2013 \u0130STANBUL<br><\/p>\n\n\n\n<p><strong>Ki\u015fisel Sergiler:<\/strong><\/p>\n\n\n\n<p>2019 Faust\u201dYetkin \u0130nsan\u201d 29.T\u00fcyap Sanat Fuar\u0131 \u0130STANBUL<\/p>\n\n\n\n<p>2019 \u201c\u0130\u00e7in D\u0131\u015fa Kemalat\u0131\u201d 16. Bienal Paralel etkinli\u011fi &#8211; B\u00fcy\u00fckada\/\u0130ST<\/p>\n\n\n\n<p>2017 \u201cS\u00fcrg\u00fcn Kay\u0131klar\u0131\u201d B\u00fcy\u00fckada -\u0130ST.<\/p>\n\n\n\n<p>2015 \u201cLiflerin Dans\u01312\u201d Anadolu Klub\u00fc-B\u00fcykada- \u0130ST<\/p>\n\n\n\n<p>2013 \u201cDEL\u0130 MAV\u0130\u201d Ada Evi \u2013B\u00fcy\u00fckada \u2013\u0130ST.<\/p>\n\n\n\n<p>2011 \u201cLiflerin Dans\u0131\u201d Meke Sanat&nbsp; Galerisi-\u0130ST.<\/p>\n\n\n\n<p>2008 \u201cDokunan Deniz III\u201d&nbsp; Bodrum Sualt\u0131 M\u00fczesi -BODRUM&nbsp;<\/p>\n\n\n\n<p>2008 \u201cDokunmu\u015f A\u011fa\u00e7lar\u201d Patara&nbsp; yanm\u0131\u015f orman PATARA<\/p>\n\n\n\n<p>2008 \u201cDokunmu\u015f A\u011fa\u00e7lar\u201d&nbsp; Ka\u015f orman \u00e7ay bah\u00e7esi-&nbsp; KA\u015e<\/p>\n\n\n\n<p>2008 \u201cDOKUNMU\u015e A\u011eA\u00c7LAR\u201d G\u00f6ztepe \u00d6zg\u00fcrl\u00fck Park\u0131 \u2013\u0130ST<\/p>\n\n\n\n<p>2007 \u201cDOKUNAN DEN\u0130Z II\u201d , Antalya M\u00fczesi \u2013ANTALYA<\/p>\n\n\n\n<p>2007 \u201cRomen portreleri-bahara iyi dilekler\u201d &#8211; FRANSIZ K\u00dcLT\u00dcR MERKEZ\u0130<\/p>\n\n\n\n<p>2007 SULUKULE ETK\u0130NL\u0130KLER\u0130 \u201c\u0130NC\u0130 ABLA\u201d sergisi &#8211; \u0130STANBUL<\/p>\n\n\n\n<p>2006 TAYYARE K\u00dcLT\u00dcR MERKEZ\u0130 \u201cDokunan Deniz\u201d &#8211; BURSA<\/p>\n\n\n\n<p>2006 TEPE NAUTILUS&nbsp; \u201cSeyir Defteri\u201d &#8211; \u0130STANBUL&nbsp;&nbsp;&nbsp;&nbsp;&nbsp;&nbsp;&nbsp;&nbsp;&nbsp;&nbsp;&nbsp;<\/p>\n\n\n\n<p>2005 \u0130.T.\u00dc DEN\u0130ZC\u0130L\u0130K FAK\u00dcLTES\u0130\u201cDokunan Deniz\u201d &#8211; \u0130STANBUL<\/p>\n\n\n\n<p>2005 \u201cD\u0130P\u201d sergisi Yerebatan Sarn\u0131c\u0131 \u2013 \u0130STANBUL<\/p>\n\n\n\n<p>2004 CNR Promosyon Fuar\u0131 \u2013 Kare Stand\u0131 \u2013 \u0130STANBUL<\/p>\n\n\n\n<p>2002 Birmot sergisi &#8211; \u0130STANBUL&nbsp;<\/p>\n\n\n\n<p>2001 \u00c7elik Yap\u0131 Fuar\u0131 Sergi Salonu \u2013 \u0130STANBUL&nbsp;<\/p>\n\n\n\n<p>2001 B\u00fcy\u00fck Klup Sergi Salonu \u2013 \u0130STANBUL&nbsp;<\/p>\n\n\n\n<p>2001 Y\u0131ld\u0131z Saray\u0131 Evlilik Fuar\u0131- \u0130STANBUL&nbsp;<\/p>\n\n\n\n<p>2000 \u00c7elik Yap\u0131 Semineri Sergisi \u2013 ANKARA&nbsp;<\/p>\n\n\n\n<p>1999 FM&nbsp; Hediyelik E\u015fya Fuar\u0131 \u2013 \u0130STANBUL&nbsp;<\/p>\n\n\n\n<p>1999 CNR Mobilya ve Aksesuar Fuar\u0131 \u2013 \u0130STANBUL&nbsp;<\/p>\n\n\n\n<p>1998 CNR Mobilya ve Aksesuar Fuar\u0131 \u2013 \u0130STANBUL&nbsp;<\/p>\n\n\n\n<p>1997 Heime Textil Fuar\u0131 \u2013 ALMANYA&nbsp;<\/p>\n\n\n\n<p>1996 A&amp;B Tan\u0131t\u0131m \u00c7ar\u015f\u0131 Ma\u011fzalar\u0131 Sergisi \u2013\u0130STANBUL<\/p>\n\n\n\n<p><strong>Uluslararas\u0131 Sergiler:<\/strong><\/p>\n\n\n\n<p>2020 RELLICES SHOW Ongoing Conversation<\/p>\n\n\n\n<p>2019 DRAWN TOGETHER An Ongoing Mail Art Collaboration &#8211; FLORIDA<\/p>\n\n\n\n<p>2019 International Community House &#8211; KYOTO<\/p>\n\n\n\n<p>2016 \u201cBEZCE\u201d 7th International Istanbul Textile conference \u201cANADOLUYA DOKUNAN BEZLER\u201d &#8211; \u0130STANBUL<\/p>\n\n\n\n<p>2014 \u201c\u0130ZLER\u201d Sergisi, \u015eumnu Stilyan \u00c7ilingirov \u0130l K\u00fctuphanesi &#8211; BULGAR\u0130STAN<\/p>\n\n\n\n<p>2013 BODRUM B\u0130ENAL\u0130 \u201cAganta Burina Burinata\u201d &#8211; BODRUM<\/p>\n\n\n\n<p>2012 M.\u00dc.G.S.F. Uluslararas\u0131 Tekstil Sempozyumu Sergisi &#8211; \u0130STANBUL<\/p>\n\n\n\n<p>2012 1. Uluslarars\u0131 TEKST\u0130L B\u0130ENAL\u0130 &#8211; Ye\u015fil Tekstil Sergisi &#8211; ANTALYA<\/p>\n\n\n\n<p>2012 PEK\u0130N Bienali G.B.S.\u0130 \u2013 \u00c7\u0130N<\/p>\n\n\n\n<p>2010 \u201dABBARA KADABRA\u201d Uluslararas\u0131 Mardin Bienali &#8211; MARD\u0130N<\/p>\n\n\n\n<p>2008 2. Uluslararas\u0131 Denizcilik Festivali &#8211; Eski Galata K\u00f6pr\u00fcs\u00fc &#8211; \u0130STANBUL<\/p>\n\n\n\n<p>2008 O arte nas suas ribeiras &#8211; The art on its Shores &#8211; \u0130SPANYA<\/p>\n\n\n\n<p>2007 \u201cMini Textile\u201d Exhibition &#8211; UKRAINE<\/p>\n\n\n\n<p>2006 \u201c9.Uluslararas\u0131 Geleneksel El Sanatlar\u0131 Sergisi\u201d \u2013 \u0130ZM\u0130R<\/p>\n\n\n\n<p>2005 \u201cTekstilde Yeni Vizyonlar \u201cUluslararas\u0131 Tekstil Sanat Sergisi &#8211; \u0130ZM\u0130R<\/p>\n\n\n\n<p>2004 INTERNATIONAL conference &amp; exhibition &#8211; KORE<\/p>\n\n\n\n<p>1997 Heime Textil Fuar\u0131 \u2013 ALMANYA&nbsp;<\/p>\n\n\n\n<p><strong>\u00d6d\u00fcller:<\/strong><\/p>\n\n\n\n<p>2012&nbsp; 1. Uluslarars\u0131 Tekstil Bienali \/ Ye\u015fil Tekstil Sergisi &#8211; Birincilik \u00f6d\u00fcl\u00fc<\/p>\n\n\n\n<p><strong>SEM\u0130NERLER-KONFERANSLAR:<\/strong><\/p>\n\n\n\n<p>2012 1. Uluslararas\u0131 Tekstil Sempozyumu \/ MARMARA \u00dcN\u0130VERS\u0130TES\u0130 G.S.F. &#8211; \u0130STANBUL<\/p>\n\n\n\n<p>2012 1. Antalya Tekstil Bienali Sempozyumu \/ Akdeniz \u00dcniversitesi &#8211; ANTALYA<\/p>\n\n\n\n<p>2010 \u201c2. Ulusal G\u00fczel Sanatlar E\u011fitimi Sempozyumu\u201d \/ Onsekiz Mart \u00dcniversitesi &#8211; \u00c7ANAKKALE<\/p>\n\n\n\n<p>2009 \u201cDokunmu\u015f A\u011fa\u00e7lar\u0131n Hikayesi\u201d \/ Uluda\u011f \u00dcniversitesi M\u00fchendisli\u011fi B\u00f6l\u00fcm\u00fc &#8211; BURSA<\/p>\n\n\n\n<p>2007 Sanatsal Tekstil \/ Uluda\u011f \u00dcniversitesi &#8211; BURSA<\/p>\n\n\n\n<p>2005 2. Uluslararas\u0131 Heykel Sempozyumu \/ \u201cG\u00fcn\u00fcm\u00fcz T\u00fcrk Heykel Sanatinin Sorunlar\u0131\u201d &#8211; KOCAEL\u0130<\/p>\n","protected":false},"excerpt":{"rendered":"<p>G\u00fcl Bolulu, geleneksel tekstil \u00fcretim bi\u00e7imlerini, tekstil malzemelerini, tekstilin anlat\u0131m dilini ki\u015fisel yakla\u015f\u0131m\u0131 ile \u00f6z\u00fcmseyip, yapm\u0131\u015f oldu\u011fu \u00e7al\u0131\u015fmalarda \u201cdoku\u201d \u00f6\u011fesini \u00f6ne \u00e7\u0131karak do\u011fan\u0131n kendi i\u00e7indeki uyumu ile sadeli\u011fini, dengesini ve renklerini \u00e7al\u0131\u015fmalar\u0131na do\u011fal malzemeler kullanarak aktarm\u0131\u015ft\u0131r. \u00c7al\u0131\u015fmalar\u0131nda yerel anlay\u0131\u015f\u0131 evrensel bir olguya g\u00f6t\u00fcrme \u00e7abas\u0131 i\u00e7inde, geleneksel dokuma tekni\u011finden yola \u00e7\u0131kan sanat\u00e7\u0131, \u00e7a\u011fda\u015f yorumlamalar yapmaktad\u0131r. Sorgulayan [&hellip;]<\/p>\n","protected":false},"author":3,"featured_media":0,"parent":0,"menu_order":0,"comment_status":"closed","ping_status":"closed","template":"","meta":{"footnotes":""},"class_list":["post-54","page","type-page","status-publish","hentry"],"_links":{"self":[{"href":"https:\/\/gulbolulu.com\/index.php?rest_route=\/wp\/v2\/pages\/54","targetHints":{"allow":["GET"]}}],"collection":[{"href":"https:\/\/gulbolulu.com\/index.php?rest_route=\/wp\/v2\/pages"}],"about":[{"href":"https:\/\/gulbolulu.com\/index.php?rest_route=\/wp\/v2\/types\/page"}],"author":[{"embeddable":true,"href":"https:\/\/gulbolulu.com\/index.php?rest_route=\/wp\/v2\/users\/3"}],"replies":[{"embeddable":true,"href":"https:\/\/gulbolulu.com\/index.php?rest_route=%2Fwp%2Fv2%2Fcomments&post=54"}],"version-history":[{"count":3,"href":"https:\/\/gulbolulu.com\/index.php?rest_route=\/wp\/v2\/pages\/54\/revisions"}],"predecessor-version":[{"id":92,"href":"https:\/\/gulbolulu.com\/index.php?rest_route=\/wp\/v2\/pages\/54\/revisions\/92"}],"wp:attachment":[{"href":"https:\/\/gulbolulu.com\/index.php?rest_route=%2Fwp%2Fv2%2Fmedia&parent=54"}],"curies":[{"name":"wp","href":"https:\/\/api.w.org\/{rel}","templated":true}]}}